. What is the units digit of (0/3 - -3) + i?
2
Let i(p) = -8*p - 1 + 4 - 1 - p**2 + p. Let d be i(-5). Suppose -c = -d - 4. What is the units digit of c?
6
Suppose 0*t = 5*t - 5. Let u = t - 1. Suppose u = 2*d - 2. What is the units digit of d?
1
Let w = 0 - -1. Suppose 2*g = -1 - w. What is the units digit of (-2 - -1) + 10 + g?
8
Suppose -5*a + 4*u = -176, -5*u + 44 - 192 = -4*a. What is the units digit of a?
2
Suppose 2496 = 21*i - 13*i. What is the hundreds digit of i?
3
Let m(f) = -f**3 - 8*f**2 + 9*f + 2. Let x be m(-9). Suppose 0 = x*h + h - 144. What is the tens digit of h?
4
Let i = 0 - -12. Let w be (i/18)/(2/6). Suppose 0 = -3*k - 2*s + 4, 2*k = 6*k + w*s - 8. What is the units digit of k?
4
Let b(a) = a + 1. Let x be b(3). Suppose x*r - 174 = -2*n, -2*r + 153 = r - 3*n. What is the units digit of r?
6
Let y(p) = p - p - 1 - p. Suppose 3*b + 5*m = -25, 0 = 4*b + 5*m + 12 + 18. What is the units digit of y(b)?
4
Suppose -1 = s, 4*x - 3*s - 658 = -s. What is the tens digit of x?
6
Let s(d) = 2*d**3 - 2*d**2 + 1. Let w be s(1). Let v(i) = 11*i**3 + 2*i - 1. What is the tens digit of v(w)?
1
Let h = -73 + 300. What is the units digit of h?
7
Let k = 7 - 13. Let g(f) = -f**3 + f**2 - 2*f - 2. Let x be g(-2). Let v = x + k. What is the units digit of v?
8
Let d(q) = -33*q + 11. What is the units digit of d(-2)?
7
Let l = -5 - -10. Suppose -3*h + 21 = u - l*h, -103 = -3*u - 4*h. What is the units digit of u?
9
Let o(s) be the second derivative of s**4/12 - s**3/3 + 17*s**2/2 + 6*s. What is the tens digit of o(0)?
1
Suppose 0 = 91*n - 87*n - 296. What is the tens digit of n?
7
Let o(k) be the second derivative of -k**3/6 - 6*k**2 - 3*k. Let r be o(-6). Let x = r - -11. What is the units digit of x?
5
Let n(z) = z**3 + 9*z**2 - 13*z - 5. What is the units digit of n(-10)?
5
Suppose -q + 2*w = -82 - 244, 0 = 2*q + w - 637. What is the units digit of q?
0
Let g(o) = o**3 + 3*o**2 - 5*o - 1. Let z be g(-4). Let h be (-15)/(-12)*12/z. Suppose h*m - 20 - 30 = 0. What is the units digit of m?
0
What is the tens digit of 9/(-21) - (-213)/7?
3
Let c = 222 - 121. What is the hundreds digit of c?
1
Suppose 2*i - 3*i + 5 = 0. Suppose -n - 4 = 3*s, -3*n + 3 = 5*s - i. What is the tens digit of n?
1
What is the tens digit of 84 - (3 + 3 + -4)?
8
Let z(d) = -2*d - 1. Let h be z(-1). Let x = 3 - h. Suppose 19 + 5 = x*c. What is the units digit of c?
2
Let l(v) be the first derivative of v**4/4 - 2*v**3 - 7*v**2/2 + 7*v + 1. Let p be (0 + -1)/(1/(-7)). What is the units digit of l(p)?
7
Suppose -v - 11 + 3 = -2*b, -2*b + 5*v + 16 = 0. Suppose 3*f - f = -4, -9 = -3*c + b*f. What is the tens digit of 2 + 12 - 2*c?
1
Let j = 14 + -9. Suppose -j*z = -5*v + 87 + 118, -2*v + 90 = -4*z. What is the tens digit of v?
3
Suppose 4*f = -2*y - 14, 4*y - 2*f = 2*f - 16. What is the units digit of 9/(-36) - y/4?
1
Let x(j) be the first derivative of -1/3*j**3 - 3/2*j**2 - 4 - j. What is the units digit of x(-2)?
1
Let a(s) = s - 7. Let h be a(8). Suppose -4 - h = -z. What is the units digit of z?
5
Let y = 20 - 2. What is the tens digit of y?
1
Suppose -5*o = -5*i + 2*i - 110, -2*i + 22 = o. Suppose -o = -6*j + 122. What is the units digit of j?
4
Suppose -5*q - 23 + 93 = 0. Suppose 0 = t + q - 6. Let l(n) = n**3 + 9*n**2 + 7*n + 3. What is the tens digit of l(t)?
1
Let n = -44 + 99. Suppose 3*o - r = r + 32, 5*o - 5*r = n. What is the units digit of o?
0
Let s be -2 + 3 + -1 + 1. What is the tens digit of s/(2 - (-69)/(-36))?
1
Let b be 2 - -1 - (-36 - -1). Let f = 70 - b. What is the tens digit of f?
3
Suppose -3*o + 2*k = -77, 5*o + 3*k - 95 = -2*k. What is the units digit of o?
3
Let x be (-1)/5 + (-203)/35. What is the tens digit of (-3)/x + 455/10?
4
Let n(m) = -m**2 + 11*m - 1. Let c be n(8). Suppose -a - 2*a = -102. Suppose 0*t + 4*d = t - c, 4*d + a = 2*t. What is the tens digit of t?
1
Suppose -5*v + 132 = 3*k, 5*v + 141 = 2*k + 2*k. What is the tens digit of k?
3
Let n = -16 + 26. What is the tens digit of n?
1
Let w = 35 - -83. Suppose 5*l - v - w = -0*v, -3*l + 74 = v. What is the units digit of l?
4
Let z = 51 - -17. What is the units digit of z?
8
Let b = 3 - 4. Let v be b + (-84 - (3 + -2)). What is the tens digit of v/(-7) + 8/(-28)?
1
Let a(c) = c**3 + 5*c**2 + 2*c - 3. What is the units digit of a(-4)?
5
Let l(j) = -79*j**3 - j**2 + 1. What is the units digit of l(-1)?
9
Suppose 0 = 4*l + 3*a - 15, 5*l - 15 = -0*l - 3*a. Let k be -1*(3 + -2)*-7. Suppose -p + 2*u + 1 = l, -2*p - u + 10 = -k. What is the units digit of p?
7
Let w = 60 - 32. What is the tens digit of w?
2
Let s be (-6)/4*(-6 + 4). Suppose -3*y + 2*c = -29, s*y + 4*c = -6 + 47. What is the units digit of y?
1
Let x be (0 + 3)/((-4)/(-44)). Suppose -x = -3*l + 6. Suppose h - 3*h + 10 = 0, r = -2*h + l. What is the units digit of r?
3
Let u(d) = d**2 - 2*d**2 + 2 - d - 2*d**2 + 4*d**2. What is the units digit of u(0)?
2
Let j = 11 + 179. What is the units digit of j?
0
Let a(z) = -2*z + 2. Let d = -5 - -8. Let v be a(d). What is the units digit of (-12)/v*1/3?
1
Suppose b = -4*b + 15. Let h = b - -14. What is the units digit of h?
7
Let j(o) = 2*o**2 + 3*o + 2. What is the tens digit of j(-4)?
2
Let f(a) = a**3 + 2*a - 1. Let x be f(1). Suppose x*n = n + 8. What is the units digit of n?
8
Let k(w) = w**2 + 14*w + 20. What is the tens digit of k(-14)?
2
Let w = -10 - -14. What is the tens digit of (-1930)/(-40) - 1/w?
4
Let n = 47 + -19. What is the tens digit of n?
2
Let c(r) = r + 4*r**2 + 2*r**2 + r**2. What is the units digit of c(1)?
8
Suppose 40 = 5*r - 15. Let s = 35 - r. What is the units digit of s?
4
Let q be (-12)/8*(-4 - 0). Suppose 2*n - q = -0*n. Suppose 2*p - 11 = n. What is the units digit of p?
7
Let u = -27 - -42. What is the units digit of u?
5
Let m = 1 + -3. Let f = m + 15. What is the units digit of f?
3
Let b(p) = p**2 - 4*p - 8. What is the units digit of b(-5)?
7
Suppose 4*m = -0*m + 224. What is the units digit of m?
6
Let f = -9 + 17. Suppose 3*s - s = f. What is the units digit of s?
4
Let p be ((-30)/(-4))/((-1)/(-2)). Suppose 0 = -3*u + 2*u + p. What is the units digit of u?
5
Let l(g) = g**3 + 2*g**2 + g + 5. Let u be l(-4). Let f = -11 - u. Suppose -4*s + h - 3*h = -28, -2*h - f = -2*s. What is the units digit of s?
8
Suppose 4*y - 3 = 9. Suppose 0 = y*f, 2*x + 3*x - 2*f = 70. What is the tens digit of x?
1
Suppose -5*r - r = -1092. What is the hundreds digit of r?
1
Suppose -2*t - 180 = 3*t. Let y = -19 - t. What is the tens digit of y?
1
Suppose -4*y + 28 = 3*h - 7*h, 0 = -y + 4*h + 22. Let a(x) = -2 + y - 3 - 2*x. What is the units digit of a(-4)?
5
Suppose 115 = 16*h - 11*h. Let z = 51 - h. What is the units digit of z?
8
Let w = -3 - -7. Suppose 5 + 71 = w*f. What is the units digit of f?
9
Suppose -2*l + 39 + 21 = 0. Suppose -4*b + 78 = -l. What is the units digit of b?
7
Let u(p) = p**2 + 8*p + 10. Let t = 25 - 32. What is the units digit of u(t)?
3
Suppose -3 = -2*p + 3. Suppose 0*u + 4*u = -p*z + 106, 4*z = -5*u + 132. What is the tens digit of u?
2
Let v be (-9)/3*12/9. What is the units digit of (-38)/v + (-4)/8?
9
Suppose 8*k = 10*k - 174. What is the units digit of k?
7
Let x(c) = c - 6. Let g = -22 + 33. What is the units digit of x(g)?
5
Let i(y) = y**3 - 4*y**2 + 3*y - 5. Let o be i(4). Suppose s - 13 = -2*s + 5*w, -o = 3*s + 5*w. What is the units digit of s?
1
Suppose 0 = -2*r + 3 + 3. Let c(w) = -2*w - 8. Let g be c(-8). Suppose -5*t = 4*v - 54, -t - r*t = v - g. What is the tens digit of v?
1
Let v(w) = 5*w**2 - w + 1. Let l be v(1). Suppose -2*h - 3*g = 6, 3 = -h - 2*g - 2. Suppose -l = -h*p + 4. What is the units digit of p?
3
Let s(z) = z**3 - 21*z**2 + 3*z - 5. What is the tens digit of s(21)?
5
Let k(q) = -8*q - 9. What is the tens digit of k(-6)?
3
Let j be ((-9)/(-6))/(2/20). Suppose -3*g + 6*g = j. Suppose 2*r - 30 = g*u - 7, 5*r + u - 44 = 0. What is the units digit of r?
9
Suppose -4*x = m - 488, -2*m = 2*x - 6*m - 244. What is the tens digit of x?
2
What is the units digit of ((-16)/(-24))/((-4)/(-54))?
9
What is the units digit of 1 + (1 - (-42)/3)?
6
Let n(z) = -8*z - 3. Let a be n(-2). Let d = a - 9. Suppose d*m + m - 85 = 0. What is the units digit of m?
7
Suppose -26 = x + 2*f - 4*f, 0 = 2*x + 3*f + 17. Let h = x + 29. Wh